{"id":498,"date":"2009-02-12T03:04:46","date_gmt":"2009-02-12T01:04:46","guid":{"rendered":"http:\/\/aeedi.com\/aeedi\/?page_id=498"},"modified":"2024-03-15T17:50:45","modified_gmt":"2024-03-15T16:50:45","slug":"pret-a-taux-zero-ptz","status":"publish","type":"page","link":"https:\/\/aeedi.com\/aeedi\/la-reglementation\/pret-a-taux-zero-ptz\/","title":{"rendered":"Pr\u00eat \u00e0 taux z\u00e9ro (PTZ)"},"content":{"rendered":"\n<p><a href=\"http:\/\/aeedi.com\/aeedi\/wp-content\/uploads\/norm_31.pdf\">norm_31<\/a><\/p>\n\n\n\n<p><a href=\"http:\/\/aeedi.com\/aeedi\/wp-content\/uploads\/norm_41.pdf\">norm_41<\/a><\/p>\n\n\n\n<p><a href=\"http:\/\/aeedi.com\/aeedi\/wp-content\/uploads\/norm_51.pdf\">norm_51<\/a><\/p>\n","protected":false},"excerpt":{"rendered":"<p>norm_31 norm_41 norm_51<\/p>\n","protected":false},"author":2,"featured_media":0,"parent":82,"menu_order":109,"comment_status":"closed","ping_status":"closed","template":"","meta":{"advanced_seo_description":"","jetpack_seo_html_title":"","jetpack_seo_noindex":false,"footnotes":""},"class_list":["post-498","page","type-page","status-publish","hentry"],"jetpack_sharing_enabled":true,"jetpack-related-posts":[],"jetpack_shortlink":"https:\/\/wp.me\/PfCazb-82","_links":{"self":[{"href":"https:\/\/aeedi.com\/aeedi\/wp-json\/wp\/v2\/pages\/498","targetHints":{"allow":["GET"]}}],"collection":[{"href":"https:\/\/aeedi.com\/aeedi\/wp-json\/wp\/v2\/pages"}],"about":[{"href":"https:\/\/aeedi.com\/aeedi\/wp-json\/wp\/v2\/types\/page"}],"author":[{"embeddable":true,"href":"https:\/\/aeedi.com\/aeedi\/wp-json\/wp\/v2\/users\/2"}],"replies":[{"embeddable":true,"href":"https:\/\/aeedi.com\/aeedi\/wp-json\/wp\/v2\/comments?post=498"}],"version-history":[{"count":0,"href":"https:\/\/aeedi.com\/aeedi\/wp-json\/wp\/v2\/pages\/498\/revisions"}],"up":[{"embeddable":true,"href":"https:\/\/aeedi.com\/aeedi\/wp-json\/wp\/v2\/pages\/82"}],"wp:attachment":[{"href":"https:\/\/aeedi.com\/aeedi\/wp-json\/wp\/v2\/media?parent=498"}],"curies":[{"name":"wp","href":"https:\/\/api.w.org\/{rel}","templated":true}]}}